{"id":2338,"date":"2019-10-03T16:23:24","date_gmt":"2019-10-03T16:23:24","guid":{"rendered":"https:\/\/cocinas-tenerife.com\/classic\/"},"modified":"2019-10-03T16:23:24","modified_gmt":"2019-10-03T16:23:24","slug":"classic","status":"publish","type":"page","link":"https:\/\/cocinas-tenerife.com\/es\/classic\/","title":{"rendered":"Classic"},"content":{"rendered":"\n[et_pb_section admin_label=\u00bbsection\u00bb][et_pb_row admin_label=\u00bbrow\u00bb][et_pb_column type=\u00bb4_4&#8243;][et_pb_image admin_label=\u00bbImage\u00bb src=\u00bbhttps:\/\/cocinas-tenerife.com\/wp-content\/uploads\/2017\/02\/S82_Sylt847_MP_14612-Copy.jpg\u00bb url_new_window=\u00bboff\u00bb animation=\u00bbfade_in\u00bb show_in_lightbox=\u00bboff\u00bb sticky=\u00bbon\u00bb use_overlay=\u00bboff\u00bb align=\u00bbleft\u00bb force_fullwidth=\u00bboff\u00bb always_center_on_mobile=\u00bbon\u00bb use_border_color=\u00bboff\u00bb border_color=\u00bb#ffffff\u00bb border_style=\u00bbsolid\u00bb] [\/et_pb_image][\/et_pb_column][\/et_pb_row][et_pb_row admin_label=\u00bbrow\u00bb][et_pb_column type=\u00bb4_4&#8243;][et_pb_text admin_label=\u00bbInteresantes contrastes&#8230;\u00bb background_layout=\u00bblight\u00bb text_orientation=\u00bbleft\u00bb]\r\n\r\n<h2>Classic \u2013 Cl\u00e1sicos encantadores<\/h2>\r\nPrecisamente en los tiempos actuales, las cocinas cl\u00e1sicas han llegado a convertirse de nuevo en un verdadero tema de moda y disfrutan de gran popularidad. Ya sea si desea dise\u00f1ar su cocina en un estilo cl\u00e1sico moderno o en un cautivador aspecto r\u00fastico o si prefiere una mezcla de sencillos frentes, nuestra colecci\u00f3n cl\u00e1sica ofrece amplias posibilidades de dise\u00f1o estil\u00edsticas en cada direcci\u00f3n. Para nuestros cl\u00e1sicos tambi\u00e9n se aplica lo que es v\u00e1lido para todos nuestros programas de cocina: el sistema, la comodidad y la t\u00e9cnica de cocinas siempre est\u00e1n al nivel actual de la t\u00e9cnica y son muebles de calidad de fabricaci\u00f3n alemana.\r\n\r\n[\/et_pb_text][\/et_pb_column][\/et_pb_row][\/et_pb_section][et_pb_section admin_label=\u00bbsection\u00bb fullwidth=\u00bboff\u00bb specialty=\u00bboff\u00bb background_color=\u00bb#f7f7f7&#8243; inner_shadow=\u00bboff\u00bb parallax=\u00bboff\u00bb][et_pb_row admin_label=\u00bbrow\u00bb][et_pb_column type=\u00bb4_4&#8243;][et_pb_text admin_label=\u00bbvariaciones de dise\u00f1o\u00bb background_layout=\u00bblight\u00bb text_orientation=\u00bbleft\u00bb]\r\n\r\n<h2>Variaciones de Dise\u00f1o<\/h2>\r\n\r\n[\/et_pb_text][et_pb_gallery admin_label=\u00bbGaler\u00eda\u00bb gallery_ids=\u00bb1944,1726,1732,1938,1948,1946,1734,1950&#8243; fullwidth=\u00bboff\u00bb posts_number=\u00bb8&#8243; show_title_and_caption=\u00bboff\u00bb show_pagination=\u00bboff\u00bb background_layout=\u00bblight\u00bb orientation=\u00bblandscape\u00bb auto=\u00bboff\u00bb hover_overlay_color=\u00bbrgba(255,255,255,0.9)\u00bb use_border_color=\u00bboff\u00bb border_color=\u00bb#ffffff\u00bb border_style=\u00bbsolid\u00bb] [\/et_pb_gallery][\/et_pb_column][\/et_pb_row][\/et_pb_section]\n","protected":false},"excerpt":{"rendered":"","protected":false},"author":1,"featured_media":1936,"parent":0,"menu_order":90,"comment_status":"closed","ping_status":"closed","template":"","meta":{"footnotes":""},"class_list":["post-2338","page","type-page","status-publish","has-post-thumbnail","hentry"],"yoast_head":"<!-- This site is optimized with the Yoast SEO plugin v27.5 - https:\/\/yoast.com\/product\/yoast-seo-wordpress\/ -->\n<title>Tienda de cocinas y muebles en Puerto de la Cruz<\/title>\n<meta name=\"description\" content=\"123 Cocinas: Descubre nuestras cocinas de calidad alta, muebles de cocina, armarios, lavavajillas\u00a0, robots de cocina, electrodomesticos de siemens\" \/>\n<meta name=\"robots\" content=\"index, follow, max-snippet:-1, max-image-preview:large, max-video-preview:-1\" \/>\n<link rel=\"canonical\" href=\"https:\/\/cocinas-tenerife.com\/es\/classic\/\" \/>\n<meta property=\"og:locale\" content=\"es_ES\" \/>\n<meta property=\"og:type\" content=\"article\" \/>\n<meta property=\"og:title\" content=\"Tienda de cocinas y muebles en Puerto de la Cruz\" \/>\n<meta property=\"og:description\" content=\"123 Cocinas: Descubre nuestras cocinas de calidad alta, muebles de cocina, armarios, lavavajillas\u00a0, robots de cocina, electrodomesticos de siemens\" \/>\n<meta property=\"og:url\" content=\"https:\/\/cocinas-tenerife.com\/es\/classic\/\" \/>\n<meta property=\"og:site_name\" content=\"123 Cocinas, Puerto de la Cruz, Tenerife\" \/>\n<meta property=\"og:image\" content=\"https:\/\/cocinas-tenerife.com\/wp-content\/uploads\/2017\/02\/S82_Sylt847_MP_14612-Copy.jpg\" \/>\n\t<meta property=\"og:image:width\" content=\"1800\" \/>\n\t<meta property=\"og:image:height\" content=\"1200\" \/>\n\t<meta property=\"og:image:type\" content=\"image\/jpeg\" \/>\n<meta name=\"twitter:card\" content=\"summary_large_image\" \/>\n<meta name=\"twitter:label1\" content=\"Tiempo de lectura\" \/>\n\t<meta name=\"twitter:data1\" content=\"2 minutos\" \/>\n<script type=\"application\/ld+json\" class=\"yoast-schema-graph\">{\"@context\":\"https:\\\/\\\/schema.org\",\"@graph\":[{\"@type\":\"WebPage\",\"@id\":\"https:\\\/\\\/cocinas-tenerife.com\\\/es\\\/classic\\\/\",\"url\":\"https:\\\/\\\/cocinas-tenerife.com\\\/es\\\/classic\\\/\",\"name\":\"Tienda de cocinas y muebles en Puerto de la Cruz\",\"isPartOf\":{\"@id\":\"https:\\\/\\\/cocinas-tenerife.com\\\/es\\\/#website\"},\"primaryImageOfPage\":{\"@id\":\"https:\\\/\\\/cocinas-tenerife.com\\\/es\\\/classic\\\/#primaryimage\"},\"image\":{\"@id\":\"https:\\\/\\\/cocinas-tenerife.com\\\/es\\\/classic\\\/#primaryimage\"},\"thumbnailUrl\":\"https:\\\/\\\/cocinas-tenerife.com\\\/wp-content\\\/uploads\\\/2017\\\/02\\\/S82_Sylt847_MP_14612-Copy.jpg\",\"datePublished\":\"2019-10-03T16:23:24+00:00\",\"description\":\"123 Cocinas: Descubre nuestras cocinas de calidad alta, muebles de cocina, armarios, lavavajillas\u00a0, robots de cocina, electrodomesticos de siemens\",\"breadcrumb\":{\"@id\":\"https:\\\/\\\/cocinas-tenerife.com\\\/es\\\/classic\\\/#breadcrumb\"},\"inLanguage\":\"es\",\"potentialAction\":[{\"@type\":\"ReadAction\",\"target\":[\"https:\\\/\\\/cocinas-tenerife.com\\\/es\\\/classic\\\/\"]}]},{\"@type\":\"ImageObject\",\"inLanguage\":\"es\",\"@id\":\"https:\\\/\\\/cocinas-tenerife.com\\\/es\\\/classic\\\/#primaryimage\",\"url\":\"https:\\\/\\\/cocinas-tenerife.com\\\/wp-content\\\/uploads\\\/2017\\\/02\\\/S82_Sylt847_MP_14612-Copy.jpg\",\"contentUrl\":\"https:\\\/\\\/cocinas-tenerife.com\\\/wp-content\\\/uploads\\\/2017\\\/02\\\/S82_Sylt847_MP_14612-Copy.jpg\",\"width\":1800,\"height\":1200},{\"@type\":\"BreadcrumbList\",\"@id\":\"https:\\\/\\\/cocinas-tenerife.com\\\/es\\\/classic\\\/#breadcrumb\",\"itemListElement\":[{\"@type\":\"ListItem\",\"position\":1,\"name\":\"Portada\",\"item\":\"https:\\\/\\\/cocinas-tenerife.com\\\/es\\\/\"},{\"@type\":\"ListItem\",\"position\":2,\"name\":\"Classic\"}]},{\"@type\":\"WebSite\",\"@id\":\"https:\\\/\\\/cocinas-tenerife.com\\\/es\\\/#website\",\"url\":\"https:\\\/\\\/cocinas-tenerife.com\\\/es\\\/\",\"name\":\"123-Cocinas\",\"description\":\"Ihr K\u00fcchen-Spezialist in Puerto de la Cruz\",\"publisher\":{\"@id\":\"https:\\\/\\\/cocinas-tenerife.com\\\/es\\\/#organization\"},\"potentialAction\":[{\"@type\":\"SearchAction\",\"target\":{\"@type\":\"EntryPoint\",\"urlTemplate\":\"https:\\\/\\\/cocinas-tenerife.com\\\/es\\\/?s={search_term_string}\"},\"query-input\":{\"@type\":\"PropertyValueSpecification\",\"valueRequired\":true,\"valueName\":\"search_term_string\"}}],\"inLanguage\":\"es\"},{\"@type\":\"Organization\",\"@id\":\"https:\\\/\\\/cocinas-tenerife.com\\\/es\\\/#organization\",\"name\":\"1 2 3 Cocinas\",\"url\":\"https:\\\/\\\/cocinas-tenerife.com\\\/es\\\/\",\"logo\":{\"@type\":\"ImageObject\",\"inLanguage\":\"es\",\"@id\":\"https:\\\/\\\/cocinas-tenerife.com\\\/es\\\/#\\\/schema\\\/logo\\\/image\\\/\",\"url\":\"https:\\\/\\\/cocinas-tenerife.com\\\/wp-content\\\/uploads\\\/2015\\\/02\\\/Logo-123cocinas-hoch-1024x533.jpg\",\"contentUrl\":\"https:\\\/\\\/cocinas-tenerife.com\\\/wp-content\\\/uploads\\\/2015\\\/02\\\/Logo-123cocinas-hoch-1024x533.jpg\",\"width\":1024,\"height\":533,\"caption\":\"1 2 3 Cocinas\"},\"image\":{\"@id\":\"https:\\\/\\\/cocinas-tenerife.com\\\/es\\\/#\\\/schema\\\/logo\\\/image\\\/\"}}]}<\/script>\n<!-- \/ Yoast SEO plugin. -->","yoast_head_json":{"title":"Tienda de cocinas y muebles en Puerto de la Cruz","description":"123 Cocinas: Descubre nuestras cocinas de calidad alta, muebles de cocina, armarios, lavavajillas\u00a0, robots de cocina, electrodomesticos de siemens","robots":{"index":"index","follow":"follow","max-snippet":"max-snippet:-1","max-image-preview":"max-image-preview:large","max-video-preview":"max-video-preview:-1"},"canonical":"https:\/\/cocinas-tenerife.com\/es\/classic\/","og_locale":"es_ES","og_type":"article","og_title":"Tienda de cocinas y muebles en Puerto de la Cruz","og_description":"123 Cocinas: Descubre nuestras cocinas de calidad alta, muebles de cocina, armarios, lavavajillas\u00a0, robots de cocina, electrodomesticos de siemens","og_url":"https:\/\/cocinas-tenerife.com\/es\/classic\/","og_site_name":"123 Cocinas, Puerto de la Cruz, Tenerife","og_image":[{"width":1800,"height":1200,"url":"https:\/\/cocinas-tenerife.com\/wp-content\/uploads\/2017\/02\/S82_Sylt847_MP_14612-Copy.jpg","type":"image\/jpeg"}],"twitter_card":"summary_large_image","twitter_misc":{"Tiempo de lectura":"2 minutos"},"schema":{"@context":"https:\/\/schema.org","@graph":[{"@type":"WebPage","@id":"https:\/\/cocinas-tenerife.com\/es\/classic\/","url":"https:\/\/cocinas-tenerife.com\/es\/classic\/","name":"Tienda de cocinas y muebles en Puerto de la Cruz","isPartOf":{"@id":"https:\/\/cocinas-tenerife.com\/es\/#website"},"primaryImageOfPage":{"@id":"https:\/\/cocinas-tenerife.com\/es\/classic\/#primaryimage"},"image":{"@id":"https:\/\/cocinas-tenerife.com\/es\/classic\/#primaryimage"},"thumbnailUrl":"https:\/\/cocinas-tenerife.com\/wp-content\/uploads\/2017\/02\/S82_Sylt847_MP_14612-Copy.jpg","datePublished":"2019-10-03T16:23:24+00:00","description":"123 Cocinas: Descubre nuestras cocinas de calidad alta, muebles de cocina, armarios, lavavajillas\u00a0, robots de cocina, electrodomesticos de siemens","breadcrumb":{"@id":"https:\/\/cocinas-tenerife.com\/es\/classic\/#breadcrumb"},"inLanguage":"es","potentialAction":[{"@type":"ReadAction","target":["https:\/\/cocinas-tenerife.com\/es\/classic\/"]}]},{"@type":"ImageObject","inLanguage":"es","@id":"https:\/\/cocinas-tenerife.com\/es\/classic\/#primaryimage","url":"https:\/\/cocinas-tenerife.com\/wp-content\/uploads\/2017\/02\/S82_Sylt847_MP_14612-Copy.jpg","contentUrl":"https:\/\/cocinas-tenerife.com\/wp-content\/uploads\/2017\/02\/S82_Sylt847_MP_14612-Copy.jpg","width":1800,"height":1200},{"@type":"BreadcrumbList","@id":"https:\/\/cocinas-tenerife.com\/es\/classic\/#breadcrumb","itemListElement":[{"@type":"ListItem","position":1,"name":"Portada","item":"https:\/\/cocinas-tenerife.com\/es\/"},{"@type":"ListItem","position":2,"name":"Classic"}]},{"@type":"WebSite","@id":"https:\/\/cocinas-tenerife.com\/es\/#website","url":"https:\/\/cocinas-tenerife.com\/es\/","name":"123-Cocinas","description":"Ihr K\u00fcchen-Spezialist in Puerto de la Cruz","publisher":{"@id":"https:\/\/cocinas-tenerife.com\/es\/#organization"},"potentialAction":[{"@type":"SearchAction","target":{"@type":"EntryPoint","urlTemplate":"https:\/\/cocinas-tenerife.com\/es\/?s={search_term_string}"},"query-input":{"@type":"PropertyValueSpecification","valueRequired":true,"valueName":"search_term_string"}}],"inLanguage":"es"},{"@type":"Organization","@id":"https:\/\/cocinas-tenerife.com\/es\/#organization","name":"1 2 3 Cocinas","url":"https:\/\/cocinas-tenerife.com\/es\/","logo":{"@type":"ImageObject","inLanguage":"es","@id":"https:\/\/cocinas-tenerife.com\/es\/#\/schema\/logo\/image\/","url":"https:\/\/cocinas-tenerife.com\/wp-content\/uploads\/2015\/02\/Logo-123cocinas-hoch-1024x533.jpg","contentUrl":"https:\/\/cocinas-tenerife.com\/wp-content\/uploads\/2015\/02\/Logo-123cocinas-hoch-1024x533.jpg","width":1024,"height":533,"caption":"1 2 3 Cocinas"},"image":{"@id":"https:\/\/cocinas-tenerife.com\/es\/#\/schema\/logo\/image\/"}}]}},"_links":{"self":[{"href":"https:\/\/cocinas-tenerife.com\/es\/wp-json\/wp\/v2\/pages\/2338","targetHints":{"allow":["GET"]}}],"collection":[{"href":"https:\/\/cocinas-tenerife.com\/es\/wp-json\/wp\/v2\/pages"}],"about":[{"href":"https:\/\/cocinas-tenerife.com\/es\/wp-json\/wp\/v2\/types\/page"}],"author":[{"embeddable":true,"href":"https:\/\/cocinas-tenerife.com\/es\/wp-json\/wp\/v2\/users\/1"}],"replies":[{"embeddable":true,"href":"https:\/\/cocinas-tenerife.com\/es\/wp-json\/wp\/v2\/comments?post=2338"}],"version-history":[{"count":2,"href":"https:\/\/cocinas-tenerife.com\/es\/wp-json\/wp\/v2\/pages\/2338\/revisions"}],"predecessor-version":[{"id":2340,"href":"https:\/\/cocinas-tenerife.com\/es\/wp-json\/wp\/v2\/pages\/2338\/revisions\/2340"}],"wp:featuredmedia":[{"embeddable":true,"href":"https:\/\/cocinas-tenerife.com\/es\/wp-json\/wp\/v2\/media\/1936"}],"wp:attachment":[{"href":"https:\/\/cocinas-tenerife.com\/es\/wp-json\/wp\/v2\/media?parent=2338"}],"curies":[{"name":"wp","href":"https:\/\/api.w.org\/{rel}","templated":true}]}}

[et_pb_section admin_label=»section»][et_pb_row admin_label=»row»][et_pb_column type=»4_4&#8243;][et_pb_image admin_label=»Image» src=»https://cocinas-tenerife.com/wp-content/uploads/2017/02/S82_Sylt847_MP_14612-Copy.jpg» url_new_window=»off» animation=»fade_in» show_in_lightbox=»off» sticky=»on» use_overlay=»off» align=»left» force_fullwidth=»off» always_center_on_mobile=»on» use_border_color=»off» border_color=»#ffffff» border_style=»solid»] [/et_pb_image][/et_pb_column][/et_pb_row][et_pb_row admin_label=»row»][et_pb_column type=»4_4&#8243;][et_pb_text admin_label=»Interesantes contrastes&#8230;» background_layout=»light» text_orientation=»left»]

<h2>Classic – Clásicos encantadores</h2>
Precisamente en los tiempos actuales, las cocinas clásicas han llegado a convertirse de nuevo en un verdadero tema de moda y disfrutan de gran popularidad. Ya sea si desea diseñar su cocina en un estilo clásico moderno o en un cautivador aspecto rústico o si prefiere una mezcla de sencillos frentes, nuestra colección clásica ofrece amplias posibilidades de diseño estilísticas en cada dirección. Para nuestros clásicos también se aplica lo que es válido para todos nuestros programas de cocina: el sistema, la comodidad y la técnica de cocinas siempre están al nivel actual de la técnica y son muebles de calidad de fabricación alemana.

[/et_pb_text][/et_pb_column][/et_pb_row][/et_pb_section][et_pb_section admin_label=»section» fullwidth=»off» specialty=»off» background_color=»#f7f7f7&#8243; inner_shadow=»off» parallax=»off»][et_pb_row admin_label=»row»][et_pb_column type=»4_4&#8243;][et_pb_text admin_label=»variaciones de diseño» background_layout=»light» text_orientation=»left»]

<h2>Variaciones de Diseño</h2>

[/et_pb_text][et_pb_gallery admin_label=»Galería» gallery_ids=»1944,1726,1732,1938,1948,1946,1734,1950&#8243; fullwidth=»off» posts_number=»8&#8243; show_title_and_caption=»off» show_pagination=»off» background_layout=»light» orientation=»landscape» auto=»off» hover_overlay_color=»rgba(255,255,255,0.9)» use_border_color=»off» border_color=»#ffffff» border_style=»solid»] [/et_pb_gallery][/et_pb_column][/et_pb_row][/et_pb_section]

<!-- This site is optimized with the Yoast SEO plugin v27.5 - https://yoast.com/product/yoast-seo-wordpress/ -->
<title>Tienda de cocinas y muebles en Puerto de la Cruz</title>
<meta name="description" content="123 Cocinas: Descubre nuestras cocinas de calidad alta, muebles de cocina, armarios, lavavajillas , robots de cocina, electrodomesticos de siemens" />
<meta name="robots" content="index, follow, max-snippet:-1, max-image-preview:large, max-video-preview:-1" />
<link rel="canonical" href="https://cocinas-tenerife.com/es/classic/" />
<meta property="og:locale" content="es_ES" />
<meta property="og:type" content="article" />
<meta property="og:title" content="Tienda de cocinas y muebles en Puerto de la Cruz" />
<meta property="og:description" content="123 Cocinas: Descubre nuestras cocinas de calidad alta, muebles de cocina, armarios, lavavajillas , robots de cocina, electrodomesticos de siemens" />
<meta property="og:url" content="https://cocinas-tenerife.com/es/classic/" />
<meta property="og:site_name" content="123 Cocinas, Puerto de la Cruz, Tenerife" />
<meta property="og:image" content="https://cocinas-tenerife.com/wp-content/uploads/2017/02/S82_Sylt847_MP_14612-Copy.jpg" />
	<meta property="og:image:width" content="1800" />
	<meta property="og:image:height" content="1200" />
	<meta property="og:image:type" content="image/jpeg" />
<meta name="twitter:card" content="summary_large_image" />
<meta name="twitter:label1" content="Tiempo de lectura" />
	<meta name="twitter:data1" content="2 minutos" />
<script type="application/ld+json" class="yoast-schema-graph">{"@context":"https:\/\/schema.org","@graph":[{"@type":"WebPage","@id":"https:\/\/cocinas-tenerife.com\/es\/classic\/","url":"https:\/\/cocinas-tenerife.com\/es\/classic\/","name":"Tienda de cocinas y muebles en Puerto de la Cruz","isPartOf":{"@id":"https:\/\/cocinas-tenerife.com\/es\/#website"},"primaryImageOfPage":{"@id":"https:\/\/cocinas-tenerife.com\/es\/classic\/#primaryimage"},"image":{"@id":"https:\/\/cocinas-tenerife.com\/es\/classic\/#primaryimage"},"thumbnailUrl":"https:\/\/cocinas-tenerife.com\/wp-content\/uploads\/2017\/02\/S82_Sylt847_MP_14612-Copy.jpg","datePublished":"2019-10-03T16:23:24+00:00","description":"123 Cocinas: Descubre nuestras cocinas de calidad alta, muebles de cocina, armarios, lavavajillas , robots de cocina, electrodomesticos de siemens","breadcrumb":{"@id":"https:\/\/cocinas-tenerife.com\/es\/classic\/#breadcrumb"},"inLanguage":"es","potentialAction":[{"@type":"ReadAction","target":["https:\/\/cocinas-tenerife.com\/es\/classic\/"]}]},{"@type":"ImageObject","inLanguage":"es","@id":"https:\/\/cocinas-tenerife.com\/es\/classic\/#primaryimage","url":"https:\/\/cocinas-tenerife.com\/wp-content\/uploads\/2017\/02\/S82_Sylt847_MP_14612-Copy.jpg","contentUrl":"https:\/\/cocinas-tenerife.com\/wp-content\/uploads\/2017\/02\/S82_Sylt847_MP_14612-Copy.jpg","width":1800,"height":1200},{"@type":"BreadcrumbList","@id":"https:\/\/cocinas-tenerife.com\/es\/classic\/#breadcrumb","itemListElement":[{"@type":"ListItem","position":1,"name":"Portada","item":"https:\/\/cocinas-tenerife.com\/es\/"},{"@type":"ListItem","position":2,"name":"Classic"}]},{"@type":"WebSite","@id":"https:\/\/cocinas-tenerife.com\/es\/#website","url":"https:\/\/cocinas-tenerife.com\/es\/","name":"123-Cocinas","description":"Ihr Küchen-Spezialist in Puerto de la Cruz","publisher":{"@id":"https:\/\/cocinas-tenerife.com\/es\/#organization"},"potentialAction":[{"@type":"SearchAction","target":{"@type":"EntryPoint","urlTemplate":"https:\/\/cocinas-tenerife.com\/es\/?s={search_term_string}"},"query-input":{"@type":"PropertyValueSpecification","valueRequired":true,"valueName":"search_term_string"}}],"inLanguage":"es"},{"@type":"Organization","@id":"https:\/\/cocinas-tenerife.com\/es\/#organization","name":"1 2 3 Cocinas","url":"https:\/\/cocinas-tenerife.com\/es\/","logo":{"@type":"ImageObject","inLanguage":"es","@id":"https:\/\/cocinas-tenerife.com\/es\/#\/schema\/logo\/image\/","url":"https:\/\/cocinas-tenerife.com\/wp-content\/uploads\/2015\/02\/Logo-123cocinas-hoch-1024x533.jpg","contentUrl":"https:\/\/cocinas-tenerife.com\/wp-content\/uploads\/2015\/02\/Logo-123cocinas-hoch-1024x533.jpg","width":1024,"height":533,"caption":"1 2 3 Cocinas"},"image":{"@id":"https:\/\/cocinas-tenerife.com\/es\/#\/schema\/logo\/image\/"}}]}</script>
<!-- / Yoast SEO plugin. -->

Ihr Küchen-Spezialist in Puerto de la Cruz
